he thousands digit of (-3)/6 + 2045/2?
1
Let x(f) = 2*f - 9. Let j be x(6). Suppose -2*l = 5*c - 54, 3*l = -0*c + j*c + 81. What is the tens digit of (l + 2)*(3 + -2)?
2
Let n be -29 + 28 - (1 - -33). Suppose -128 = -g + 3*g. Let j = n - g. What is the units digit of j?
9
Let c(i) = -i**3 + 5*i**2 - 1. Let w be c(5). Let s(m) = -7*m**3 + m. Let j be s(w). Let o(n) = n**3 - 5*n**2 + 2*n - 1. What is the units digit of o(j)?
7
Let q(v) = 3*v**2 + 15*v + 16. What is the units digit of q(17)?
8
Suppose 0 = 5*y - 4*y - 339. What is the hundreds digit of y?
3
Suppose -3*v = w - 1171, -w + 57 + 1107 = -4*v. What is the thousands digit of w?
1
Let m(y) = y**3 + 3*y**2 - 4*y + 3. Let c be m(-5). Let u = 7 + c. What is the units digit of (u/(-4) - 3)*2?
4
Suppose 0 = -50*f + 11130 + 70. What is the hundreds digit of f?
2
Let v = 122 - 55. Let n = v + -8. What is the tens digit of n?
5
Let n = -853 + 6095. What is the tens digit of n?
4
Let s(u) = 2*u**3 - 8*u**2 + 2*u + 3. Let b be s(5). Let z = 10 - 42. Let c = z + b. What is the units digit of c?
1
Suppose -7 = -10*l + 3*l. What is the units digit of l*65 - (-2 + -3 + 3)?
7
Let q(d) = 12*d**3 + 3*d - 3. What is the units digit of q(4)?
7
What is the hundreds digit of (72/27)/((-2)/(-111))?
1
Let h(a) = -115*a - 8. Suppose 0 = 2*v - 2*f + 12, 6*f + 17 = -2*v + 9*f. What is the hundreds digit of h(v)?
1
Suppose -3*m = 12, y + 3*m = -625 + 5270. What is the hundreds digit of y?
6
Suppose -49*l - 56610 = -94*l. What is the hundreds digit of l?
2
Let c = 1701 - 307. What is the hundreds digit of c?
3
Let n = 308 - 187. Let t = -69 + n. What is the units digit of t?
2
Suppose 4*j - 1 = d, -d = -2*d + 5*j - 4. Suppose -3*o + 7 = -d. What is the units digit of (-4)/(-4)*o - 0?
6
Let m(k) = 5*k + 2*k + 5*k + 4*k + 5. What is the hundreds digit of m(7)?
1
Suppose -9*o + 6692 + 16546 = 0. What is the hundreds digit of o?
5
Let n(b) = 8*b**2 + 3*b - 3. Let o(p) = -p**2 - p. Let l(s) = -n(s) - 6*o(s). Let r be l(-2). Let g = r + 20. What is the units digit of g?
9
Let d be 14/63 - 160/(-9). What is the tens digit of 1/(-6) + (4197/d - -4)?
3
Let l = 9457 - 4589. What is the thousands digit of l?
4
Suppose -3*n = -3*w + 54, 3*w + n = -0*w + 42. Suppose 7*c - w = 2*c. Suppose -c*m + 160 = m. What is the units digit of m?
0
Suppose -432 = 3*u - 11*u. Let p = u + 10. What is the units digit of p?
4
Let i be (3 + -5)/(-1) - -114. Let t = i - 5. Suppose 0 = -3*y - 3*c + t + 6, -33 = -y + 5*c. What is the tens digit of y?
3
Suppose -40 - 8 = -4*a. Let c(k) = 9*k - 24. Let z(t) = 17*t - 47. Let y(x) = -11*c(x) + 6*z(x). What is the units digit of y(a)?
8
Let t(b) = 3*b + 2420. What is the units digit of t(0)?
0
Suppose -3*m + 2*l = -l - 60, 0 = 3*m - 4*l - 60. Suppose -5*t + t = -m. What is the tens digit of 5/(t/(-3)) - -22?
1
Let r(y) = y - 4*y - 10 - 6. What is the units digit of r(-7)?
5
Let h be 358/(-4) - 12/24. Let l = h - -154. What is the units digit of l?
4
Let k = -103 + 184. Suppose -2*a = -5*z - 571 + 169, 0 = -z + a - k. What is the tens digit of 1/8 + (-1350)/z?
1
Suppose -4*z = -9*z + 45. Suppose -14*o + z*o + 10 = 0. Suppose o*i - 114 = -i. What is the tens digit of i?
3
Let a(d) = -d**2 + 14*d + 7. Let w be a(16). Let g = w + 103. Suppose -x - 48 = -4*x + 2*h, 0 = 4*x + 2*h - g. What is the tens digit of x?
1
Let s(p) = -82*p**3 - 12*p**2 - 27*p + 11. What is the thousands digit of s(-4)?
5
Let a be 1/(0 + (-3)/(-120)). Let b = a + -26. Let v = -13 + b. What is the units digit of v?
1
Suppose 2*h = 5*t - 39, 5*h - 2*t = -6*t - 15. Let d = h + 12. Suppose 4*x - 2*w - 117 = -7*w, -d = -5*w. What is the units digit of x?
8
Let v(y) = -46*y**3 + 4*y**2 - 7*y + 7. What is the hundreds digit of v(-3)?
3
What is the tens digit of 2/(-55)*-5 - 41466/(-22)?
8
Let l(n) = n**3 + 4*n**2 + 2*n - 3. Let s be l(-4). Let r = s - -70. Suppose -2*f = -r + 9. What is the units digit of f?
5
Let b be -2 - (-1*2)/(-2). Suppose 5*a = 3*s - 2*s + 7, 5*s + 3*a = -7. What is the tens digit of (-20)/((s - -3) + b)?
1
Suppose 0 = -13*r + 1726 + 8167. What is the units digit of r?
1
Suppose n = -2 + 3. Let r = n - -33. What is the units digit of r?
4
Let m(j) = 17 + 3 - 3 + 3*j**2 + 2 + 8*j. What is the tens digit of m(-7)?
1
Suppose 2*j - j = 5. Suppose 3*w = j + 1. Suppose w*g = -5*s + 64, 3*g = -0*g + s + 62. What is the tens digit of g?
2
Let y = -6 - -14. Suppose -4*a - y - 40 = -f, 3*f + 4*a = 192. What is the tens digit of f?
6
Let f(x) = -2*x. Suppose 5*h = b - 465, 4*b - 167 = 5*h + 283. Let m be 8/36 - h/(-18). What is the units digit of f(m)?
0
Let q = -115 - -119. Suppose -1025 + 217 = -q*m. What is the units digit of m?
2
What is the units digit of (-2)/(-3)*6618/4 + 3?
6
Let r = 66 + -61. Suppose r*y = -6*y + 473. What is the units digit of y?
3
Let v = -90 - -109. Suppose 912 = v*x - 13*x. What is the units digit of x?
2
Let w(y) = y**3 - 3*y**2 - 10*y + 1. Let n be w(8). Let j = n + -120. What is the tens digit of j?
2
Let m = -22 - -49. Suppose -m*d = -31*d - 20. What is the units digit of 73 + (-2 + -8)/d?
5
Let t(y) = y**2 - 12*y - 58. What is the units digit of t(18)?
0
Let y = -7 - -3. What is the tens digit of (10/2)/(y/(-76))?
9
Let c = -11 - -7. Let h(l) = l**3 + 8*l**2 + l + 3. What is the units digit of h(c)?
3
Let f = -20 - -23. Suppose -3*g - s + 354 = f*s, 0 = 2*s. Suppose g = 4*l - 86. What is the tens digit of l?
5
Suppose -2*i - i - x = -5, -5*x + 1 = 3*i. Suppose 2*d = -w - 1, i*d - 16 = -4*w - d. Suppose 3*c - 68 = w. What is the units digit of c?
5
What is the units digit of (6 + -9370)*3/(-12) + -6?
5
Let g be (2/7*-3)/(2/(-7)). Suppose 0 = g*s - 414 - 18. What is the tens digit of s?
4
Suppose 3*h + 3*h = 36. Suppose -56 = -10*d + h*d. What is the units digit of d?
4
Suppose 9024 = 7*n - 2918. What is the units digit of n?
6
Let k = 3619 + -1024. What is the tens digit of k?
9
Let i = 29 - 27. Suppose 3*h - o - i*o - 189 = 0, 3 = -3*o. What is the units digit of h?
2
Suppose 0 = -g + 4*s + 643 - 93, -4*g = 5*s - 2263. What is the hundreds digit of g?
5
Let d(z) = -z**2 - 18*z + 12. What is the tens digit of d(-13)?
7
Let f be (1/2)/((-3)/222). Let h = f - -55. What is the units digit of h?
8
Let q be (-2)/(7/((-2436)/(-8))). Let o = q - -130. What is the tens digit of o?
4
Suppose 2*h - s = 7*h - 1282, 2*h + 3*s = 505. Suppose -4*v + 262 = p, -p = -3*v + 6*v - h. What is the hundreds digit of p?
2
Suppose 24*h - 17*h = 1771. What is the tens digit of h?
5
Let h(a) be the second derivative of a**4/4 - a**3/6 - a**2/2 + 18*a. What is the units digit of h(-1)?
3
Let v = 63 + 17. What is the units digit of v?
0
Suppose 0 = -c - 2*x - x + 16, -c + 3*x + 4 = 0. Let a = c + -7. What is the units digit of a?
3
Suppose -137*q + 130*q + 8722 = 0. What is the hundreds digit of q?
2
Let z(w) = -9*w + 37. Let y be z(4). Let q = 3 + -1. Suppose -5*s - 5*o = -2*s + y, 0 = 5*s + q*o - 30. What is the units digit of s?
8
Suppose 16 = 4*p + 4*y, -y + 16 = 2*p + 2*p. Let s = 8 + -5. What is the tens digit of 64/p + -1 + s?
1
Let l = 10 - 8. Suppose -l*t = -d + 45 - 137, 0 = d - 3*t + 89. What is the units digit of (-2)/(-3) - d/6?
7
Let i(j) = j**2 - 4*j - 19. Let l be i(7). What is the units digit of (-24 - 4)/l*-14?
6
Let a be (20/(-8))/(3/(-6)). Suppose -o - o = a*t + 6, 9 = 3*o + 3*t. What is the units digit of o?
7
Suppose 142 = -39*p + 41*p. What is the units digit of p?
1
Suppose 2*j + j + 357 = 0. Let o = -62 + -1. Let v = o - j. What is the tens digit of v?
5
Let o(k) = k**3 - k**2 + 3*k - 3. Let y be o(2). Suppose t + b = -0*t + 3, -y = 3*t - 5*b. What is the tens digit of (t + 2)*78/18?
1
Let d = 1110 + -345. What is the tens digit of d?
6
Suppose -6 = -2*y + 2. Suppose 7*g - 6 = y*g. Suppose 6*o = 4*o - 2*n + 34, 3*o - g*n - 56 = 0. What is the tens digit of o?
1
Let y = -1214 + 853. Let j = y + 577. What is the tens digit of j?
1
Let t = 39 + 438. What is the tens digit of t?
7
Let u = 1 - 2. Let a be (-1 + u)/(2/(-11)). Let v = a + 9. What is the tens digit of v?
2
What is the hundreds digit of -2*-3*1641/18?
5
Suppose 0 = 5*v, 0*v + 20 = -5*b - 3*v. What is the tens digit of ((-1)/(-4))/(b/(-1424))?
8
Let i(t) = t + 1. Let d(w) = -26. Let p(m) = -d(m) - 2*i(m). Suppose -b - 2*b + 20 = -4*s, 0 =